 l be -21*(-11)/(198/48). Calculate the highest common factor of 280 and l.
56
Suppose s = 4*a - 3*s - 8, 2 = -a + 5*s. Let h = a - -18. Let z = h - 5. What is the highest common divisor of 40 and z?
8
Let x = -329 + 152. Let i = x + 210. What is the highest common factor of 297 and i?
33
Let l = 31475 - 20870. What is the greatest common factor of l and 21?
21
Suppose 332*t + 333*t = 669*t, 6*t = 5*x - 1110. Let q = -666 + 962. What is the highest common divisor of x and q?
74
Let q be (1 + 14)*((-186)/(-18) - -3). Suppose -9*x = 812 - q. Let t = x - -113. Calculate the greatest common divisor of t and 18.
9
Suppose 0 = 71*u - 72*u + 221. Calculate the highest common divisor of u and 52.
13
Let k = 586 - 512. Suppose k*t - 3*z = 69*t + 77, -4*z = 3*t - 52. What is the highest common factor of t and 40?
8
Let k(m) = 102*m**3 + 2*m**2 + 37*m - 132. Let z be k(4). What is the greatest common divisor of z and 48?
48
Suppose -213*r - 3*o = -215*r + 768, 4*r + 2*o - 1488 = 0. What is the highest common factor of 625 and r?
125
Let c = 2231 - 1888. What is the greatest common factor of c and 833?
49
Suppose -22*s + 24193 - 1225 = 0. What is the greatest common divisor of s and 684?
36
Suppose -10*f = -1216 - 544. Let o be 138/(-4)*f/(-12). Calculate the greatest common divisor of 46 and o.
46
Suppose 2*h - 5*h + 105 = 0. Let z = 237 - 271. Let a = 41 + z. Calculate the highest common factor of a and h.
7
Let g = 9432 + -7599. Calculate the greatest common factor of g and 117.
39
Let v be 4 + 0*(0 + 1). Let a = 8670 + -8665. Suppose 4*l + a = -n, v*l = -n + 3*n - 14. What is the highest common factor of n and 33?
3
Let k(h) = 2*h**3 - 7*h**2 + 3*h + 3. Let z be k(3). Suppose -4*j + 56 = z*j. Let g be 12/j*60/9. Calculate the highest common factor of g and 10.
10
Let n(g) = -2*g**3 - 10*g**2 + 2*g - 4. Let z be n(-7). Suppose z*f = 179*f - 15. What is the highest common divisor of 25 and f?
5
Let h(f) = 235*f**3 - f**2 + f + 1. Let m be h(-1). Let j = 260 + m. Calculate the highest common factor of 3 and j.
3
Let u = 2766 + -2742. Let f(v) = -v**2 - v + 36. Let a be (0 - 0 - 1) + 1. Let d be f(a). Calculate the highest common factor of d and u.
12
Let h = 426 - 459. Let c(y) = y**3 + 33*y**2 + 3*y + 117. Let v be c(h). Calculate the greatest common divisor of 1854 and v.
18
Let m(r) = 25*r**2 + 38*r + 190. Let q be m(-5). Calculate the highest common divisor of q and 275.
25
Let h(f) = -f**3 - 3*f**2 - 16*f - 141. Suppose -g - 5 = -5*w + 11, -2*w = -2*g - 16. Let o be h(g). Calculate the greatest common factor of 14 and o.
7
Let p be (-3*1)/(15/(-820)). Let i = 208 - p. Calculate the greatest common divisor of 33 and i.
11
Let n be -21*((-210)/15 + 8). What is the highest common divisor of 3546 and n?
18
Let p = -30 - -46. Suppose 0 = k - 2*v - 29, 0 = -3*k - 4*v - 0*v + 47. Let x(f) = 3*f + 17. Let y be x(k). What is the greatest common factor of y and p?
16
Let y(l) = -2*l - 84. Let i be y(4). Let u = -80 - i. Calculate the highest common factor of 108 and u.
12
Let a be (103 + (0 - 4))*(2 - -10). Let z be 1/(-4) + a/16. Let y = 110 - z. What is the greatest common factor of y and 9?
9
Suppose -4*l + 5 = 3*n - 2*n, -5*n + 140 = -3*l. Suppose 0 = 8*c - 118 - 882. Let v be c/(-150)*-2*3. Calculate the highest common factor of n and v.
5
Suppose 36*k = 34*k + 9574. Let s be 2 - (-38)/(-16) - k/(-8). What is the greatest common divisor of s and 46?
46
Let i(r) = 7*r**2 - 126*r + 940. Let n be i(6). Calculate the highest common factor of n and 44.
4
Suppose -21*a + 26*a - 15 = 0. Let h be a/14*100*(30 - 23). Let m = 100 - 40. What is the greatest common factor of m and h?
30
Let w be (96/54)/8 + 211448/72. Calculate the greatest common factor of w and 44.
11
Let j = 25 + -103. Let m = -75 - j. Let g be 2 + (-2 - -2)/m. What is the highest common divisor of 32 and g?
2
Let g(z) = 2*z + 190. Let b be g(15). Calculate the highest common factor of 6028 and b.
44
Let x be ((-2)/(-3))/((-4)/(-66)) + 16. Calculate the greatest common divisor of x and 306.
9
Suppose 1047*h - 1480 = 1039*h. Let y = h + 1033. What is the greatest common divisor of 42 and y?
42
Let z = 50 - 38. Let j be 8/(-12)*54/z. Let v(a) = 2*a**3 + 7*a**2 - a - 4. Let c be v(j). What is the highest common factor of c and 32?
8
Let c(o) = -91*o**2 - 2*o - 10. Let r(k) = -90*k**2 - 3*k - 11. Let p(g) = -6*c(g) + 5*r(g). Let l be p(1). Calculate the highest common divisor of 147 and l.
49
Suppose -t = 2*t + 33. Let d(i) = -i - 7. Let r be d(t). Let o(h) = h**3 - 5*h**2 + 6*h. Let w be o(r). What is the highest common factor of 16 and w?
8
Suppose -23436 = -2905*f + 2877*f. What is the greatest common divisor of f and 124?
31
Let o = 743 - 727. Suppose 0 = 4*v - 2*c - 696, 3*v - c = -v + 700. Calculate the greatest common factor of v and o.
16
Let x be (8/16 - (-3)/10)*90. What is the highest common factor of 891 and x?
9
Suppose 2*h - 3 = 2*s + 3, 4*s + h = 13. Let c be (-12)/s*315/(-27). What is the highest common divisor of c and 10?
10
Let x = -6754 - -6778. Calculate the highest common divisor of 3756 and x.
12
Let q be 30/12 + 3/6. Let b = -146 + 275. What is the highest common factor of b and q?
3
Suppose -15 = 9*k - 12*k, 2*k = d - 5. Suppose 0 = 2*z - d + 7. Let i be 469/2 + 2/z. Calculate the highest common factor of 94 and i.
47
Let z(r) = r**3 + 11*r**2 + 18*r - 35. Let x be z(-7). What is the highest common factor of 490 and x?
35
Let g(q) = -121*q + 675. Let n be g(5). Let t be 21/(1 + 1/2). What is the greatest common factor of t and n?
14
Suppose -3*k + 11033 = 4*d, d - 3*d = -k - 5519. Let l = -1925 + d. Let f = l - 554. Calculate the highest common divisor of 35 and f.
35
Let i be 10/(-2) + 22 + -16. Let d be 24*3*((-18)/(-8) - i). Suppose 2*w = 3*w - 36. What is the highest common divisor of d and w?
18
Let o be -7 + 2 + 18 + 0 + 4 + -5. Suppose 3*h - 4*i = 6*h - 344, -i + 437 = 4*h. Calculate the greatest common divisor of o and h.
12
Let g be -1*4*(-6 - 6). Suppose 58*j - 60 = 38*j. Calculate the highest common divisor of g and j.
3
Suppose 38*z - 346 - 408 = 690. What is the highest common divisor of 1710 and z?
38
Let g = -9250 + 9258. What is the highest common factor of g and 3992?
8
Let p = 8611 - 8254. Calculate the greatest common factor of p and 273.
21
Suppose 2*l + 16 = 3*m, -3*m = -m + 2*l - 4. Let o = 19002 - 18902. Calculate the greatest common divisor of m and o.
4
Let w(z) = -2*z + 20 + 44*z**2 + 13*z - 45*z**2. Let o be (2/(-1) - -3) + 11. Let c be w(o). What is the greatest common divisor of 8 and c?
8
Suppose p - 5*s - 9703 = 0, -5*p = 5*s - 27621 - 20924. Let l be -3*p/(-99) + (-18)/99. What is the highest common factor of l and 6?
6
Let u be (-18)/4 + 4 - (-1 + (-3875)/10). What is the highest common divisor of u and 16?
4
Let a = -10119 + 10509. What is the highest common divisor of a and 299?
13
Let n(v) = -20*v - 66. Let k be n(-5). Suppose t - k = -2*g, 8*t - 108 = 5*t - 4*g. What is the greatest common divisor of 8 and t?
8
Suppose -5*o + p + 14450 = 0, -o + 4*p + 2694 = -215. Calculate the highest common factor of 27 and o.
27
Let w(t) = -t**3 - 108*t**2 + 1433*t + 245. Let d be w(-120). What is the greatest common divisor of d and 10?
5
Suppose -72 = l - 7*l. Let z be (-1)/(l/16*8/(-156)). Calculate the highest common factor of z and 806.
26
Let a be 125/(-75)*6/(-5). Suppose a*t - 4*c = 128, -c = -2*t + 2 + 114. Calculate the greatest common factor of 98 and t.
14
Let p(f) = 37*f**2 - 7*f + 1. Let d = 32 + -29. Let l be p(d). Suppose -5*s + 347 = -l. What is the highest common divisor of s and 12?
12
Let w = -33134 + 33274. Suppose 3*c - 6 = 42. Suppose -5*j - c = -156. What is the highest common factor of w and j?
28
Let j = -129 + 89. Let r = -13 - j. Let a be 518/18 + 6/r. Calculate the highest common factor of 261 and a.
29
Let h(s) = s**2 + 13*s + 43. Let c be h(-5). Let w = -42 - -46. Suppose -w*l = c*l - 154. What is the greatest common divisor of 55 and l?
11
Let w = 5428 - 5276. What is the highest common divisor of w and 874?
38
Let l be (-2)/(-3)*(-15)/(-8 - -13). Let k be 27522/153 + l/(-17). Let n be 62/3 + (-4)/6. Calculate the highest common divisor of n and k.
20
Suppose 0 = -7*i + 2*i - 795. Let j = 281 + i. Let g = j + -101. W